u**2/2 - u. Calculate d(m).
-3
Let d(u) = -2*u. Let t be -6*1*(-2)/6. Let g(w) = -t + w - 4 + 3*w - 3*w. Let c be g(5). Calculate d(c).
2
Let j(b) be the first derivative of -b**3/3 - 3*b**2 - 4*b + 12. Calculate j(-4).
4
Let j(z) = -5*z - 2. Suppose -4*y + 12 = -2*r - 0, 3*r = -5*y + 4. What is j(y)?
-12
Let k(n) = -2*n - 9. Let a = -5 - -5. Suppose a*i + 2*i = 90. Suppose 6*p - 5*x + i = p, -3 = -x. What is k(p)?
3
Let h be 22/8 + (-2)/(-8). Let c(s) = -s - 1. Let y(p) = -p - 2. Let f(w) = h*y(w) - 2*c(w). Suppose -1 = -b - a + 6*a, 5*b + 24 = -4*a. What is f(b)?
0
Let x(y) = -y + 5. Let w(v) = 4*v**3 + 2*v**2 - v. Let r be w(1). Suppose -4*i + 5*i = r. Determine x(i).
0
Let t(j) = j - 2. Let p be (-3)/4 + (-756)/(-112). Give t(p).
4
Let o(k) be the second derivative of 3*k**3 - 11*k**2 - 2*k. Let a(r) = r - 1. Let x be 4/10 - 36/15. Let z(i) = x*o(i) + 44*a(i). What is z(1)?
8
Let m(f) = -10*f + 2. Suppose 4*l - 2*n = 6, 2*n - 2 = l - 2*n. Give m(l).
-18
Let f(x) be the second derivative of x**4/12 + x**3 - 3*x**2/2 + 7*x. What is f(-7)?
4
Suppose 0 = -j + 3*q - 8, 16 + 16 = -4*j - 5*q. Let c = 5 + j. Let k(a) = -a - 7. Calculate k(c).
-4
Let m(g) be the second derivative of g**4/12 - g**3/2 - 2*g**2 - g. Let y be (9/(-6) + 2)*-6. Give m(y).
14
Let r(c) = -c**2 + 3*c - 1. Let f be r(3). Let x(t) = -5*t**3 - t**2 - 4*t. Let p = 9 + -6. Let z(h) = -h**2 - h. Let v(i) = f*x(i) + p*z(i). Calculate v(1).
4
Let g = 3 - 1. Suppose 5*s + 2 + 1 = 4*i, -2*i + 2*s + g = 0. Let r(u) = -4*u**2 + u**2 - 3 + i*u - u**2 - u**3. What is r(-4)?
-11
Let x be -3 - (-2)/2 - 0. Let t be ((-8)/(-3))/x*3. Let c(m) = -m**2 - 4*m + 5. Calculate c(t).
5
Let p(r) be the first derivative of 3*r - 2*r**3 - 1/4*r**4 - 2*r**2 + 1. Give p(-5).
-2
Let y(q) = -4*q - 1. Let l be y(-1). Let u be (9 - 3)/(l/(-2)). Let j(c) = -c**3 - 5*c**2 - 5*c - 5. Give j(u).
-1
Let f(p) = p**2 - p. Let d(l) = l**3 + l**2 + 10. Let t be d(0). Let a be 2/7 + t/(-35). Let s be f(a). Let r(u) = -u**3 + u**2 + 1. Calculate r(s).
1
Let t(x) = 11*x + 12. Let j(f) = 7*f + 8. Let o(u) = -8*j(u) + 5*t(u). What is o(-4)?
0
Let b(s) = -s**2 - 6*s + 2. Let d(l) = -l. Let m(z) = -z**2 + 12*z + 6. Let f(t) = -6*d(t) - m(t). Let g be f(6). Calculate b(g).
2
Let c(j) = -j**2 + 8*j - 1. Let y(z) = z - 1. Let g(q) = c(q) - 3*y(q). Let s be 10/(-3)*(-912)/(-40). Let p be s/(-18) - (-10)/(-45). What is g(p)?
6
Let y = 19 - 13. Let r(f) = 0*f**2 + y*f + 3 - 4*f**2 + 5*f**2. Determine r(-2).
-5
Let b(k) = k**3 + 3*k**2 + 1. Let s be (0 + 2)/((-2)/17). Let j = s + 10. Let d = j + 4. Determine b(d).
1
Let h(c) = c**2 - c - 3. Let o be ((-2)/(-4))/((-2)/(-12)). Let i be h(o). Let g(f) = -5*f + 3*f + f**2 + f + 1. Give g(i).
7
Let j be ((-4)/5)/(40/(-100)). Let d(c) be the second derivative of -1/2*c**4 + j*c + 0 - 1/2*c**2 - 1/3*c**3. Calculate d(-1).
-5
Let t(n) = n - 1. Suppose -3*s - 9 = -4*s. Let x be (-8)/(-6)*s/6. Suppose 5*f - 4*f = x. What is t(f)?
1
Suppose -16 = 4*q, -q + 14 = -m - 5*q. Let j be 1 + -1 - (2 + -4). Let v(u) = -j - 5*u + 0*u + 3*u. What is v(m)?
-6
Let b = 76 - 72. Let f(p) be the third derivative of 0 - 2/3*p**3 - p**2 + 1/12*p**4 + 0*p. Determine f(b).
4
Let d = -20 - -18. Let o(x) be the first derivative of -x**4/2 - x**3 + x - 1. Give o(d).
5
Let m(v) = -3 - 5*v**2 + 8*v**2 + 2 + 0. Determine m(1).
2
Suppose -3*o = o - 4. Let u(p) = 5*p + 3 - 12*p - 1 + 6*p. Determine u(o).
1
Let d = 16 + 4. Suppose -2*f = 2*f + d. Let o(p) = p**2 + 3*p - 6. What is o(f)?
4
Let g(m) = -9*m**2 + 1 + 2*m**2 + 11*m**2. Let l = -5 - -6. Determine g(l).
5
Let n(m) be the first derivative of 3*m**3 - m - 1. Let v be n(1). Suppose v + 12 = -4*k. Let i(c) = c + 10. Determine i(k).
5
Let g(r) = 3*r + 2*r + 7 - 3*r. Let l be (-57)/12 + 4/(-16). Give g(l).
-3
Let b = -60 + 72. Let c(i) = i**2 - 13*i + 12. What is c(b)?
0
Let w = -13/2 - -7. Let t(k) be the second derivative of -w*k**2 + 0 + k - 1/2*k**3. Give t(2).
-7
Let b(y) = -4*y**3 - 2*y**2 + 3*y + 3. Let o(t) = -15*t**3 - 9*t**2 + 13*t + 13. Let z(a) = -9*b(a) + 2*o(a). Determine z(-1).
-6
Let c = 2 + -1. Let q(u) = 3*u**3 - u**2 - u + 1. Let l be q(c). Let o(b) = -2*b**3 + b**3 + 2*b**l + b + 1 + 3*b. Determine o(3).
4
Let o be 10/35 - (1 - (-132)/(-28)). Let x(z) = -z**2 - 6*z + 6. Calculate x(o).
-34
Let v(o) = 2*o + 3. Let b = -23 + 21. Determine v(b).
-1
Let m be 0*1*(-3)/6. Suppose m*s + 2*s = 0. Let c be -5 + 8 - (1 - s). Let l(t) = -2*t**2 + t + 2. What is l(c)?
-4
Let z(f) = f**3 + f + 1. Let b = 16 - 16. What is z(b)?
1
Let d(n) = n**2 - 6*n - 1. Let y(z) = 6*z**2 - 30*z - 4. Let r(v) = -11*d(v) + 2*y(v). Suppose 0 = -12*g + 1 - 49. Give r(g).
-5
Let v(q) = -q**3 + 4*q**2 - 2*q + 2. Suppose 2 = -2*d, 5*n = -d - d + 88. Let p be ((-5)/10)/(2/(-44)). Suppose p = 5*c + k - 8, 3*k = -2*c + n. Determine v(c).
5
Let j(h) be the first derivative of -h**4/4 - 2*h**3 - h**2/2 + 5*h + 1. Give j(-6).
11
Let o(v) = 6*v**3 - 3*v - 5. Let d(l) = -7*l**3 - l**2 + 4*l + 6. Let u(f) = 5*d(f) + 6*o(f). Determine u(3).
-12
Let f(b) = 5*b**2 - 4*b**2 - 1 + 15*b**2. What is f(-1)?
15
Let q = -6 + 8. Let v(g) = 3*g - 2*g**2 - 8*g + g**q + 3 - 2. Let f = -8 - -3. Give v(f).
1
Let r(j) = j**3 - 6*j**2 - 4. Let l(h) = 6*h - 6. Let t(s) = s. Let i(x) = l(x) - 4*t(x). Let b be i(6). What is r(b)?
-4
Let y(c) be the first derivative of 3*c**2/2 - 3*c - 2. Let u(w) = -14 + 3*w + 2 - 2*w - 3*w. Let h be u(-8). What is y(h)?
9
Let t(b) = 3*b**2 - 1. Let u(w) = -w**2 + 5*w - 3. Let l be u(4). Let n be t(l). Let r(a) = -3 + 5*a + 2 - 3*a - n. Determine r(2).
1
Let u(s) = s**3 + s**2 + s. Let t(n) = 4*n**3 - 6*n**2 + 12*n + 7. Let j(i) = t(i) - 3*u(i). Give j(8).
15
Suppose -j + 2*j = 6. Let z(x) = -6*x - 3*x**3 + 4 - j + 2*x**3 + 6*x**2 + 0*x**3. What is z(5)?
-7
Let p(y) = y**3 + 5*y**2 + y - 7. Let c(s) = -2*s**3 - 9*s**2 - 3*s + 15. Let n(l) = 2*c(l) + 5*p(l). Let h be n(-7). Let i(q) = 0*q - 2 - 4*q + 3*q. Give i(h).
-4
Let z(y) be the first derivative of -y**5/60 + 7*y**4/24 - y**3/6 - y**2/2 - 2. Let d(c) be the second derivative of z(c). What is d(6)?
5
Let f(w) be the first derivative of 11*w**3/3 + w + 1. Calculate f(1).
12
Suppose 60*n - 25 = -205. Let m(r) be the first derivative of r**3/3 + 3*r**2/2 + 2*r - 1. What is m(n)?
2
Let j(y) be the third derivative of -y**7/5040 - y**6/180 + y**5/60 + 4*y**2. Let g(v) be the third derivative of j(v). Determine g(4).
-8
Let s(y) = -3*y**3 + 11*y**2 + 2*y - 1. Let o(p) = 5*p**3 - 3*p - 17*p**2 + 17 - 11 - 4. Let r(g) = -5*o(g) - 8*s(g). Calculate r(-4).
18
Let p(t) = t + 10. Let x be p(-8). Let h(j) = j**3 + 5 + j**3 - 4*j**x - 3*j**3. What is h(-4)?
5
Let x(q) = 8*q**2 + 3*q - 7. Let p(a) = 3*a**2 + a - 2. Let k(z) = 11*p(z) - 4*x(z). Let u be -1 - (-6 + -1 - -4) - 2. Determine k(u).
6
Let d(k) be the third derivative of 1/120*k**6 - 1/24*k**4 + 0*k**3 + 0 + 1/15*k**5 + 0*k - 3*k**2. What is d(-4)?
4
Suppose 0 = -5*d - 10 - 0. Let s(r) = -5*r - 1. Give s(d).
9
Let g(s) = -4*s**2 + 24*s - 2*s**3 - 21*s - 5 + s**3. Determine g(-5).
5
Let h = 3 - 3. Let g = h + 0. Let c(f) = f + g*f + f. Calculate c(-1).
-2
Let w = 21 - 16. Let z(q) = -w*q - 6 + 4 + 1 - 5*q. Give z(-1).
9
Let b(i) = -4*i + 3. Let s(t) = -t**2 + t - 1. Let d be (3/2)/((-9)/(-12)). Let p(a) = d*s(a) + b(a). Calculate p(1).
-3
Let z(m) be the second derivative of m + 0 + 9/2*m**2 - 1/6*m**3. Calculate z(4).
5
Let j(s) = -2*s**3 + 2*s**2 - 9*s - 3. Let l(u) = -u**3 + u**2 - 5*u - 1. Let v(i) = 6*j(i) - 11*l(i). Determine v(0).
-7
Let p(h) = -h**3 - 9*h**2 + 9*h - 6. Let u(g) = g**3 - 5*g**2 + 6*g - 10. Let z be u(3). Calculate p(z).
4
Let j(t) = t**3 + 10*t**2 - 13*t - 16. Let w be j(-11). Let x(v) = v - 8. Give x(w).
-2
Let y be 1/(1/7) + 0. Suppose -4*q = 17 + y. Let o be (q/(-4))/((-3)/(-4)). Let k(l) = -l**3 + 2*l. Give k(o).
-4
Let l(s) = 11 + 2*s**2 + 0*s**2 - 16 + 7*s - s**3. Suppose -2*h - 4 = -3*h. Let j be h/14 - (-26)/7. Determine l(j).
-9
Let h(a) be the first derivative of -a**5/20 + a**3/6 + 4*a + 5. Let y(k) be the first derivative of h(k). Calculate y(2).
-6
Let v(g) = g - g - g + 0*g - 6. What is v(-4)?
-2
Let o(t) = t**2 - 12*t + 13. Let y(x) = x**2 - 11*x + 12. Let u(w) = 4*o(w) - 5*y(w). Suppose k - 2 - 4 = 0. Suppose -12 = -8*d + k*d. Determin